of y(j). What is m(4)?
-31
Let u(b) = -2 + 140*b**2 - 476*b**2 + 343*b**2 + b**3 - 5*b. What is u(-8)?
-26
Let k(r) = 3*r**3 + 2*r - 3 + 3*r**2 - 3*r**3 - r**3. Let u be (-261)/(-36)*44 + (0 - -4). Let g = u + -320. Determine k(g).
3
Let l(r) = -15*r**3 - r. Let v(i) = 4*i**3 - 22*i**2 + 9*i - 7. Let f be v(7). Let j = 349 - f. What is l(j)?
16
Let q(v) = -3*v + 45*v - 2*v**2 + 44*v - 89*v. Give q(-1).
1
Let o(f) = -17 + 72 - 20 + 4*f - 13 - 19. Calculate o(-3).
-9
Let z(u) be the second derivative of -u**4/6 + 2*u**3/3 + 5*u**2 - u - 22. Determine z(-3).
-20
Let n be (-20 - -7) + 3 + 16 + -7. Let t(o) = 11*o**3 - 2*o - 2. Determine t(n).
-11
Let i = -69 + 14. Let k = i - -67. Suppose 7*y = 47 - k. Let w(q) = -2*q + 6. What is w(y)?
-4
Let q(m) = -2*m - 5. Let s = 269 - 216. Let k = -58 + s. What is q(k)?
5
Let f(r) be the third derivative of -8/3*r**3 + 2*r**2 + 1/120*r**6 - 1/6*r**5 - 5/12*r**4 + 0*r - 1. Calculate f(11).
-5
Let b(w) be the second derivative of 36*w + 1/6*w**3 - w**2 + 0. Let p be (7/3)/(5/15). Give b(p).
5
Let d(w) = -w**2 - 8*w - 15. Suppose -n = -3*g + 8, -9*n + 14*n = -g - 8. Give d(n).
-3
Let j(h) = 39*h**3 + 17*h**2 + 17*h - 37. Let f(a) = -12*a**3 - 6*a**2 - 6*a + 13. Let t(s) = 17*f(s) + 6*j(s). What is t(-1)?
-31
Let f(l) = -176*l**3 + 301*l**3 - 4 - 12*l**2 - 126*l**3 + 18 + 8 - 16*l. Calculate f(-10).
-18
Let d = -19 - -23. Let q be (2/d)/(1 - (-15)/(-18)). Let x be 5/6 - q/(-18). Let u(j) = 5*j. Calculate u(x).
5
Let y(l) = 9*l**2 + 16 + 13 - 3*l**2 - 8*l**2 - 48*l - 86. Calculate y(-23).
-11
Let n(x) = -x**3. Let z(d) = -9*d - 59. Let j be z(-8). Suppose -j*c + i = -12*c, 2 = 2*i. What is n(c)?
-1
Suppose -35 = -31*d + 36*d. Let n(i) be the second derivative of -i**4/12 - 7*i**3/6 + 2*i**2 + 41*i. What is n(d)?
4
Let q(c) = -c + 2. Suppose 0 = 13*v - 11*v - 10. Suppose -3*p + 111 = -3*z, -239 = -v*p - 3*z - 22. Let f = 46 - p. What is q(f)?
-3
Let o = 22646 + -22657. Let g(h) = -h**2 - 4*h + 88. Calculate g(o).
11
Let m(c) = 5*c + 15. Let h(a) = 2*a + 7. Let f(d) = -5*h(d) + 3*m(d). Give f(-8).
-30
Let v(p) = -34*p**2 - 91*p - 95. Let a(o) = 20*o**2 + 47*o + 48. Let d(q) = 5*a(q) + 3*v(q). Give d(-18).
-9
Let t(j) = 10*j + 9. Let c(q) = 11*q + 10. Let i(x) = -3*c(x) + 4*t(x). Suppose 59*r + 44 = 48*r. What is i(r)?
-22
Let r(k) = 19 + 23 - k + 15 - 6 - 8. Calculate r(28).
15
Let w(s) be the third derivative of 0*s + 0 + 11*s**2 - 1/24*s**4 + 2/3*s**3 - 1/60*s**5. Suppose 2 = 2*g - a, 3*g - 2 = 3*a - 2*a. Determine w(g).
4
Let s(g) = -g**2 - 9*g - 8. Suppose -i = -3*i + 216. Suppose -4*c = 8*c + i. Give s(c).
-8
Let c be (6 - 4) + (-3 - -3 - 0). Let s(z) = -5*z**c - 22*z - z**3 - 12 + 11 + 32*z. Give s(-7).
27
Let l(p) = -p + 29. Let m be (-34)/(-8) - 360/(-96). Calculate l(m).
21
Let n = -295 + 295. Suppose -3*s - 15 - 21 = n. Let i(d) = d**2 + 12*d + 4. Give i(s).
4
Let r(p) = -p**2 - 152*p - 151. Let d be r(-1). Let s(j) be the second derivative of -14*j + 1/2*j**2 + d - 1/2*j**3. Determine s(1).
-2
Let a be -26 - (-85)/5 - -3. Let g(t) = -t**3 - 5*t**2 + 5*t - 4. Let h be g(-6). Let m(c) = 8*c + 4*c**h + 3 + 1 - 3*c**2. Give m(a).
-8
Let f(w) = w**2 - 20*w + 28. Let y be f(0). Let b(t) = -1 - 1 + 0 - y*t + 29*t. Calculate b(-8).
-10
Suppose 547*n + 8517 = -91*n + 3413. Let l(u) be the first derivative of 5*u**2/2 - 2*u + 2. Calculate l(n).
-42
Let h(s) = -s**2 + s - 1. Let u(f) = -7*f**2 + 14*f - 3. Let i(n) = 6*h(n) - u(n). Suppose -9*z - 7*z = 10*z - 182. Determine i(z).
-10
Let t(s) = 141*s + 6. Let c(a) = 28*a + 1. Let h(q) = -10*c(q) + 2*t(q). Calculate h(-4).
-6
Let t(g) = -g**2 - g - 13. Let q(p) = 22*p - 594. Let n be q(27). Calculate t(n).
-13
Let b(d) = -d**2 - 3*d - 1. Let p(o) = o**2 + 2*o - 5. Let j(c) = -12*c - 99. Let g be j(-8). Let s be p(g). What is b(s)?
1
Let i(a) = 4*a**2 + 4*a - 5. Suppose 0 = 10*t - 23 + 3. Let s(v) = 8*v**2 + 9*v - 11. Let l(p) = t*s(p) - 5*i(p). Calculate l(2).
-17
Let f(v) be the second derivative of 23*v**3/6 + 29*v**2/2 - 2*v + 9610. Determine f(0).
29
Suppose -14*f + 10*f = -20. Suppose 4*j = 2*j + 2, -3*u + j = -f. Let s(q) = -2 - 10*q + 11*q - 2 + q**u. Determine s(3).
8
Let p(i) = -7*i**2 - 351 - 5*i + 352 + 6*i**2. Let t(k) = -k**2 + 6*k - 12. Let x be t(4). Determine p(x).
5
Let b(o) = -25*o**2 - 3 + 12*o**2 - 66*o + 14*o**2 + 66*o. Let m = 2 - 0. Suppose -2*n = 2*n + 4*l - 20, 5*n - 11 = m*l. Calculate b(n).
6
Let y(a) = a**2 - 4*a - 2. Suppose 27 - 17 = l. Let m(d) = -5*d + 8. Let o be m(l). Let u = o - -45. Calculate y(u).
-5
Let u(y) be the second derivative of -y**5/20 - 13*y**4/12 - y**3 - 5*y**2 - 4971*y. Determine u(-13).
68
Let p be (-52)/(-6) - (-1)/3. Let g(i) be the third derivative of i**4/24 - 13*i**3/6 - 6110*i**2. What is g(p)?
-4
Let n be (150/9)/(-5)*(-2 + (-91)/(-65)). Let o(m) be the third derivative of -1/60*m**5 - 3*m**n + 0*m - 11/24*m**4 + 0 - 5/6*m**3. Calculate o(-11).
-5
Let c(t) = -t**2 - 13*t + 34. Let x(v) = v**3 + 14*v**2 + 40*v - 39. Let s be x(-5). Determine c(s).
20
Let h(t) be the third derivative of t**5/12 - 8*t**4/3 - 25*t**3/6 + 6*t**2 - 4*t + 140. What is h(13)?
-12
Let g be -9 - 66/(-7) - 807/21. Let c(p) = -2*p**3 - 75*p**2 + 39*p + 36. What is c(g)?
-2
Suppose -f - 4 = -2*d, 2*d - 5*f + 0 = 4. Suppose -4*k - 34 = -5*l, 2*l + k = -d*l + 44. Let h(s) = l*s - 10 - 18*s + 7*s. Calculate h(-7).
-3
Let x(i) = 2*i**2 + 4. Let f be (5*-3)/(1*5/(-30)). Suppose 0 = -22*u + 27*u + f. Let a be ((-1)/2)/(u/(-108)). Determine x(a).
22
Let c(t) be the second derivative of -29*t**3/2 + 350*t**2 + 2*t - 1445. Give c(8).
4
Let o(p) be the third derivative of -19*p**5/60 - p**3/6 + 11*p**2 + 17. Let m be -1*((1 - 4) + 2). Give o(m).
-20
Let v(s) = -4*s - 10*s**2 - 35 - 27*s + 9*s**2. Let u be v(-28). Let m(q) = -48 + u + 3*q - 9*q. Calculate m(5).
-29
Let r(m) = 12*m - 10. Let j(d) = 10*d - 7. Let h(b) = -5*j(b) + 4*r(b). Suppose 0 = -p - 5*o - 13, 0*p - p + 5*o + 7 = 0. Let k = -1 + p. What is h(k)?
3
Let v(y) be the first derivative of -2*y**2 - 44*y + 6020. What is v(-8)?
-12
Let y(u) be the third derivative of 0 - 90*u**2 + 5/6*u**3 + 0*u + 1/6*u**4. Calculate y(-4).
-11
Let p(k) = 279*k**3 - 47 + 194*k**3 - 472*k**3 + 20*k**2 - 46*k. Give p(-22).
-3
Let k be (7 - (0 + 6))*-228. Let m = 228 + k. Let s(i) = -i**2 + 30. Calculate s(m).
30
Let t(n) = -4*n**3 + 7*n**2 - n - 50. Let h(z) = -z**3 + z**2 + z - 11. Let i(w) = 3*h(w) - t(w). Calculate i(5).
62
Let a(b) = -b**2 - 43*b - 399. Let x be a(-30). Let i(g) = 2*g**2 + 14*g - 22. Give i(x).
14
Let o(q) = -3*q - 14. Let b(p) = -2*p - 10. Let d(m) = -4*b(m) + 3*o(m). Suppose -3*j - 1 - 17 = 0. Determine d(j).
4
Let n(r) = -r**3 + r**2 + r + 63. Let s = -13053 - -13053. Give n(s).
63
Let b(a) be the second derivative of a**5/20 + 2*a**4 + 9*a**3/2 + 89*a**2/2 + 445*a + 6. Determine b(-23).
-3
Suppose 27 = -5*k + 5*b - 23, -10 = k - 3*b. Let h(x) = -x - 21. Determine h(k).
-11
Let d(t) = t + 37. Let q be d(35). Suppose 2*x = -16*x - q. Let c(o) = o + 2. Give c(x).
-2
Let a(l) = -50*l + 2808. Let x be a(56). Let s(f) = -f**2 + 7*f - 1. Give s(x).
-9
Let o(j) be the third derivative of 7/24*j**4 + 0*j**3 + 0 + 62*j**2 + 0*j. Determine o(2).
14
Let w be (-6 + (-212)/10)*(-5)/2. Let a = 75 - w. Let b(q) be the second derivative of -q**4/12 + q**3 - 2*q. What is b(a)?
-7
Let f be 1*(-3 + 2 + 1). Let u(x) be the third derivative of -1/24*x**4 + 0*x + 11/3*x**3 - 18 - 2*x**2. Give u(f).
22
Let v(m) = -m**2 - 2*m - 3. Let a be (-93)/(-2 - (-21)/6). Let g(j) = -2*j - 48. Let w be g(8). Let c = w - a. What is v(c)?
-3
Let d(a) be the first derivative of a**2/2 + 9*a - 44892. Let w = -1 + 4. What is d(w)?
12
Let u(a) be the second derivative of -a**4/12 - 5*a**3/6 + 3*a**2/2 + 5044*a. Suppose -4*d + 17 = 49. Calculate u(d).
-21
Let w(l) = -l**2 + 274*l - 45. Let z(q) = -117*q + 23. Let i(m) = 3*w(m) + 7*z(m). Determine i(6).
-64
Let k(o) be the third derivative of -o**6/120 - o**5/12 + o**4/8 - 2*o**3/3 - o**2. Suppose 6*s - 2 = 5*s. Let h be 1/(2/(-5))*s. Calculate k(h).
-19
Let i = -339 + 55. Let c = 283 + i. Let y(k) = -k**2 + k + 1. Calculate y(c).
-1
Suppose -4 = -22*x + 106. Suppose -2*y = x*n - 23, 4*y = 6*y - n - 17. Let f(h) = h - 9. Determine f(y).
0
Let y(m) = 3*m - 20. Let t(s) = 